{"id":592,"date":"2015-04-26T16:23:25","date_gmt":"2015-04-26T14:23:25","guid":{"rendered":"http:\/\/ullitriemer.de\/?page_id=592"},"modified":"2015-05-01T11:30:19","modified_gmt":"2015-05-01T09:30:19","slug":"meine-pflanzen-2","status":"publish","type":"page","link":"https:\/\/ullitriemer.de\/?page_id=592","title":{"rendered":"Pflanzen"},"content":{"rendered":"<p>Ich habe wieder ein Mal meinen Pflanzenbestand um einige Arten erweitert und habe einige interessante Pflanzen hinzugef\u00fcgt.<br \/>\n<a href=\"http:\/\/ullitriemer.de\/wp-content\/uploads\/2015\/04\/Crinum-calamistratum-Bild-1.jpg\"><img loading=\"lazy\" decoding=\"async\" class=\"alignnone wp-image-594 size-full\" src=\"http:\/\/ullitriemer.de\/wp-content\/uploads\/2015\/04\/Crinum-calamistratum-Bild-1.jpg\" alt=\"Crinum calamistratum Bild 1\" width=\"500\" height=\"415\" srcset=\"https:\/\/ullitriemer.de\/wp-content\/uploads\/2015\/04\/Crinum-calamistratum-Bild-1.jpg 500w, https:\/\/ullitriemer.de\/wp-content\/uploads\/2015\/04\/Crinum-calamistratum-Bild-1-300x249.jpg 300w, https:\/\/ullitriemer.de\/wp-content\/uploads\/2015\/04\/Crinum-calamistratum-Bild-1-361x300.jpg 361w\" sizes=\"auto, (max-width: 500px) 100vw, 500px\" \/><\/a><br \/>\n<strong>Crinum calamistratum<\/strong> (Dauerwellen-Hakenlilie)<br \/>\nStammt aus der Fam. der Amaryllidaceae, Narzissengew\u00e4chse.<br \/>\nLeider ist diese Pflanze im \u00f6rtlichen Fachhandel eine Seltenheit und ist im Hochpreissegment angesiedelt. Geeignet als Hintergrund &#8211; und oder Solit\u00e4rpflanze ist sie sehr gut f\u00fcr Aquarien ab einer H\u00f6he von <strong>50 cm<\/strong> geeignet.<br \/>\nDie Wuchsh\u00f6he betr\u00e4gt 50 &#8211; 140 cm, sie sollte einer ausreichenden Beleuchtung ausgesetzt werden und kommt mit mittelhartem Wasser sehr gut zurecht.<br \/>\nWenn das Aquarium eine Kantenl\u00e4nge von <strong>100 cm L\u00e4nge<\/strong> und <strong>50 cm<\/strong> Breite hat, dann sollten sich mindestens drei R\u00f6hren der Gr\u00f6\u00dfen T 8 oder T 5 mit unterschiedlicher <a href=\"http:\/\/de.wikipedia.org\/wiki\/Lichtfarbe\" target=\"_blank\"><strong>K<\/strong><\/a> St\u00e4rke befinden.<br \/>\n<a href=\"http:\/\/ullitriemer.de\/wp-content\/uploads\/2015\/04\/Rotala-pp.-Gr\u00fcn-Bild-11.jpg\"><img loading=\"lazy\" decoding=\"async\" class=\"alignnone wp-image-604 size-full\" src=\"http:\/\/ullitriemer.de\/wp-content\/uploads\/2015\/04\/Rotala-pp.-Gr\u00fcn-Bild-11.jpg\" alt=\"Rotala pp. Gr\u00fcn Bild 1\" width=\"500\" height=\"601\" srcset=\"https:\/\/ullitriemer.de\/wp-content\/uploads\/2015\/04\/Rotala-pp.-Gr\u00fcn-Bild-11.jpg 500w, https:\/\/ullitriemer.de\/wp-content\/uploads\/2015\/04\/Rotala-pp.-Gr\u00fcn-Bild-11-250x300.jpg 250w, https:\/\/ullitriemer.de\/wp-content\/uploads\/2015\/04\/Rotala-pp.-Gr\u00fcn-Bild-11-499x600.jpg 499w\" sizes=\"auto, (max-width: 500px) 100vw, 500px\" \/><\/a><br \/>\n<strong>Rotala sp.&#8220;Gr\u00fcn&#8220;<\/strong> Weiderichgew\u00e4chs<br \/>\nDiese Pflanze ist eine schnell wachsende Stengelpflanze und kommt mit jeden Wasserwert zurecht. Sie sollte stets in einer Gruppe, von mehreren, Pflanzen (<strong>mindestens 6<\/strong>) im Aquarium platziert werden. Sie ist geeignet f\u00fcr Aquarien mit einer Kantenl\u00e4nge von <strong>60 cm L\u00e4nge<\/strong> und einer H\u00f6he von <strong>30 cm<\/strong>. Auch f\u00fcr diese Pflanze gilt, je intensiver die Beleuchtung, desto kr\u00e4ftiger der Pflanzenwuchs.<\/p>\n","protected":false},"excerpt":{"rendered":"<p>Ich habe wieder ein Mal meinen Pflanzenbestand um einige Arten erweitert und habe einige interessante Pflanzen hinzugef\u00fcgt. Crinum calamistratum (Dauerwellen-Hakenlilie) Stammt aus der Fam. der Amaryllidaceae, Narzissengew\u00e4chse. Leider ist diese Pflanze im \u00f6rtlichen Fachhandel eine Seltenheit und ist im Hochpreissegment &hellip; <a href=\"https:\/\/ullitriemer.de\/?page_id=592\">Weiterlesen <span class=\"meta-nav\">&rarr;<\/span><\/a><\/p>\n","protected":false},"author":1,"featured_media":0,"parent":126,"menu_order":0,"comment_status":"closed","ping_status":"closed","template":"","meta":{"footnotes":""},"class_list":["post-592","page","type-page","status-publish","hentry"],"_links":{"self":[{"href":"https:\/\/ullitriemer.de\/index.php?rest_route=\/wp\/v2\/pages\/592","targetHints":{"allow":["GET"]}}],"collection":[{"href":"https:\/\/ullitriemer.de\/index.php?rest_route=\/wp\/v2\/pages"}],"about":[{"href":"https:\/\/ullitriemer.de\/index.php?rest_route=\/wp\/v2\/types\/page"}],"author":[{"embeddable":true,"href":"https:\/\/ullitriemer.de\/index.php?rest_route=\/wp\/v2\/users\/1"}],"replies":[{"embeddable":true,"href":"https:\/\/ullitriemer.de\/index.php?rest_route=%2Fwp%2Fv2%2Fcomments&post=592"}],"version-history":[{"count":9,"href":"https:\/\/ullitriemer.de\/index.php?rest_route=\/wp\/v2\/pages\/592\/revisions"}],"predecessor-version":[{"id":623,"href":"https:\/\/ullitriemer.de\/index.php?rest_route=\/wp\/v2\/pages\/592\/revisions\/623"}],"up":[{"embeddable":true,"href":"https:\/\/ullitriemer.de\/index.php?rest_route=\/wp\/v2\/pages\/126"}],"wp:attachment":[{"href":"https:\/\/ullitriemer.de\/index.php?rest_route=%2Fwp%2Fv2%2Fmedia&parent=592"}],"curies":[{"name":"wp","href":"https:\/\/api.w.org\/{rel}","templated":true}]}}